3 and 2667537?
3571
What is the highest common divisor of 482774 and 121300?
2426
What is the highest common factor of 69337004 and 836?
836
Calculate the greatest common factor of 131313 and 50793119.
6253
Calculate the highest common factor of 25086 and 36358428.
678
What is the highest common divisor of 9 and 34310376?
9
What is the highest common divisor of 1836288 and 238848?
768
Calculate the greatest common factor of 73628 and 2821630.
466
What is the greatest common divisor of 1837990 and 3430?
490
Calculate the highest common factor of 30 and 212811906.
6
Calculate the greatest common factor of 412018375 and 500.
125
What is the highest common divisor of 1762387 and 935?
11
What is the greatest common factor of 21 and 70815507?
21
What is the highest common divisor of 192170 and 2785?
5
Calculate the highest common factor of 47083395 and 285.
15
Calculate the highest common factor of 174 and 147610986.
174
What is the highest common divisor of 7624101 and 15431?
1187
Calculate the greatest common factor of 82917805 and 32863.
557
Calculate the highest common factor of 9992 and 248.
8
Calculate the greatest common factor of 5806828 and 2384.
596
What is the greatest common divisor of 59148 and 132804?
1116
Calculate the greatest common factor of 199644 and 317754.
762
What is the greatest common factor of 234 and 2903454?
18
What is the highest common factor of 376327 and 777?
259
Calculate the highest common factor of 110788 and 384.
4
What is the greatest common divisor of 58804995 and 160490?
7295
Calculate the greatest common divisor of 759442 and 6.
2
Calculate the greatest common factor of 408 and 12354546.
102
Calculate the highest common factor of 24119515 and 32340.
245
What is the highest common divisor of 1069 and 69173921?
1069
Calculate the highest common factor of 713472 and 18456.
24
Calculate the greatest common divisor of 767 and 429871.
13
What is the highest common factor of 76367683 and 12964?
3241
Calculate the highest common factor of 2660 and 542108.
532
What is the highest common factor of 690970 and 4795?
35
What is the highest common factor of 1044 and 23529237?
87
What is the greatest common factor of 2000 and 167750?
250
What is the highest common divisor of 4248181 and 707455?
3451
What is the highest common divisor of 54188 and 86977444?
2852
What is the greatest common factor of 600 and 3657600?
600
Calculate the greatest common divisor of 4033458 and 3432.
858
Calculate the greatest common factor of 19330895 and 5555.
505
Calculate the greatest common factor of 15685441 and 21272.
2659
What is the greatest common factor of 1992298960 and 1520?
1520
What is the highest common divisor of 964862 and 52718?
1226
What is the highest common divisor of 79261 and 486213?
1183
What is the highest common factor of 2481626 and 7922?
34
Calculate the highest common factor of 451974 and 786.
6
Calculate the highest common divisor of 140692 and 15164.
68
Calculate the greatest common factor of 126 and 736418970.
126
What is the greatest common divisor of 248956 and 21582?
218
Calculate the greatest common divisor of 246 and 4871210.
82
What is the greatest common factor of 15709 and 352544?
23
What is the greatest common divisor of 112601720 and 11?
11
Calculate the greatest common divisor of 2286028 and 508366.
3238
Calculate the highest common divisor of 8557 and 2162212.
43
What is the highest common divisor of 192 and 889092?
12
Calculate the greatest common factor of 107238 and 625494.
366
Calculate the highest common divisor of 39916 and 28004596.
2348
Calculate the highest common divisor of 5 and 8991055.
5
What is the greatest common factor of 2071360 and 1280?
320
What is the greatest common factor of 1330 and 47556915?
35
Calculate the greatest common divisor of 64960246 and 5356.
2678
What is the highest common divisor of 23738 and 281138?
286
What is the greatest common divisor of 300 and 3594700?
100
Calculate the highest common factor of 1345 and 1588445.
1345
Calculate the greatest common factor of 360042099 and 51.
51
What is the highest common factor of 5706 and 33434307?
2853
What is the greatest common divisor of 384306 and 195702?
1014
Calculate the greatest common factor of 8718796 and 801.
89
Calculate the greatest common divisor of 2714160 and 21195.
15
Calculate the greatest common factor of 904448 and 441625.
3533
Calculate the highest common factor of 5068 and 42771748.
724
What is the greatest common divisor of 54688 and 2206?
2
Calculate the highest common factor of 1463964 and 156.
12
What is the greatest common divisor of 3826355 and 9503?
559
Calculate the greatest common factor of 9002 and 418334.
14
Calculate the greatest common divisor of 290 and 1762580.
10
What is the highest common divisor of 8732 and 186041809?
2183
Calculate the greatest common divisor of 549598714 and 3217.
3217
What is the greatest common divisor of 1391 and 16127254?
1391
What is the highest common factor of 2915 and 81246?
11
What is the highest common factor of 3080 and 296789185?
385
What is the highest common factor of 40 and 1338010?
10
What is the highest common divisor of 182400 and 2270?
10
What is the highest common divisor of 1180 and 11114420?
1180
Calculate the greatest common divisor of 5999 and 48587.
7
What is the highest common divisor of 24185 and 13804?
7
What is the highest common divisor of 1372 and 2260300?
28
What is the greatest common divisor of 37810 and 841340558?
7562
Calculate the greatest common divisor of 3308382 and 87759.
441
What is the highest common factor of 29 and 56308459?
29
Calculate the greatest common factor of 28128 and 2333712.
48
What is the greatest common factor of 399729780 and 20?
20
What is the highest common divisor of 26023973 and 2077?
31
Calculate the greatest common factor of 428 and 144316.
4
What is the highest common factor of 3296 and 1019700?
412
Calculate the highest common factor of 1999662 and 2352.
42
Calculate the highest common divisor of 109 and 19019.
1
What is the greatest common divisor of 3120159 and 21?
21
What is the highest common divisor of 31 and 37284971?
31
What is the highest common factor of 85079 and 81801?
149
Calculate the highest common factor of 57400 and 392042.
574
Calculate the greatest common factor of 8360316 and 3042.
18
Calculate the highest common divisor of 25136231 and 418851.
5171
Calculate the highest common factor of 2822914 and 1613886.
5546
Calculate the greatest common factor of 3024945 and 11935.
385
Calculate the highest common divisor of 1537220 and 243410.
1010
What is the greatest common divisor of 77239458 and 73238?
6658
What is the greatest common divisor of 11066538 and 21?
21
Calculate the highest common divisor of 266759620 and 3420.
380
Calculate the greatest common divisor of 5961416 and 28282.
358
What is the highest common factor of 60711855 and 240?
15
What is the highest common divisor of 8327 and 225586?
757
What is the highest common factor of 2162 and 5560006?
94
What is the greatest common factor of 5524 and 170111580?
5524
Calculate the greatest common factor of 431 and 30754436.
431
What is the highest common divisor of 2965371 and 141?
141
What is the highest common divisor of 1531461 and 1821?
1821
Calculate the highest common factor of 6794 and 11110727.
43
What is the highest common factor of 51838875 and 6390?
3195
What is the greatest common factor of 3672 and 275528928?
408
What is the greatest common divisor of 3518242 and 4729634?
2366
Calculate the highest common divisor of 47056 and 23392.
272
Calculate the greatest common factor of 1822381587 and 507.
507
What is the greatest common divisor of 35100 and 3580?
20
Calculate the greatest common divisor of 401106452 and 4688.
1172
Calculate the highest common divisor of 24216543 and 117.
117
What is the greatest common factor of 8531323 and 3047?
277
What is the highest common divisor of 1419 and 83751272?
473
What is the highest common factor of 8648 and 14596696?
376
What is the highest common divisor of 2007 and 2382291?
9
What is the greatest common factor of 102096 and 8298?
18
Calculate the highest common factor of 6064360 and 80.
40
Calculate the highest common factor of 9126 and 7463716.
338
Calculate the greatest com